he highest common divisor of q and g?
14
Suppose -o - 903 - 480 = -4*h, -2*h = -5*o - 705. What is the greatest common factor of 138 and h?
69
Suppose -d + 4001 = 2*u, 16048 = 26*d - 22*d - 3*u. Calculate the greatest common factor of 38 and d.
19
Let d(a) = 77*a - 386. Let n be d(7). Let r(p) = -p**3 + 7*p**2 + 6*p - 8. Let s be r(7). What is the highest common factor of n and s?
17
Suppose h - o = 295, 103*h + 4*o = 100*h + 899. Calculate the highest common factor of 253 and h.
11
Let m = -51 + 59. Suppose -5*j - p + 0 = -2, 4*p = j + m. Suppose -4*t = -j*t - 60. Calculate the highest common factor of 10 and t.
5
Suppose 113*w - 97*w + 0 = 544. Suppose -2*y - 1122 = -5*y. What is the highest common factor of y and w?
34
Suppose 0 = -3*z + 5*c - 14, -16 = -3*c - 4. Suppose -z*p = -2*a - 150, 2 = 2*a - 3*a. What is the greatest common divisor of p and 73?
73
Let x(u) = -7 + 2 - 46*u - 6 - 5. Let y be x(-9). Let z = y - 258. What is the greatest common factor of 28 and z?
28
Let k(s) = s**2 + 2*s + 1. Suppose -w + 22 = -5*t - 298, 4*w = -2*t - 106. Let g = 59 + t. Let p be k(g). What is the greatest common divisor of p and 9?
9
Let i = 1837 - 1787. What is the highest common divisor of 1930 and i?
10
Suppose b - 5*f = -19, 2*b + 6*f - f = 22. What is the greatest common divisor of 4 and b?
1
Let q be (-2)/(-1) - (0 + -99 + -4). Suppose -93*x - q = -100*x. Calculate the highest common factor of x and 80.
5
Let c be (1 + 40/(-25))/((-2)/30). Suppose 0 = -4*m + 26 + 74. Suppose t + 4*k - m = 0, -4*k + 35 = 2*t + 1. What is the greatest common divisor of t and c?
9
Let u = -6738 + 9816. Calculate the highest common factor of u and 54.
54
Let r be 400 + 0 - (4 - 3). Let j be -6 - 0 - (340 - 403). Calculate the highest common divisor of j and r.
57
Let n be 12 + 1/2*2 - 3. Let r be n/(-6)*(-108)/12. What is the greatest common factor of 135 and r?
15
Let b(s) = -s + 7. Let k(a) = 6*a + 1. Let p be k(-1). Let d be b(p). Suppose 0 = -49*h + 35*h + 1344. Calculate the greatest common divisor of h and d.
12
Suppose -372*i = -367*i + h - 98, 4*i + 3*h = 63. Let z = 0 - 12. Let j be -1*(z - 1) + 1. What is the highest common divisor of j and i?
7
Let y be 42 + 6/(-9)*3. Suppose -464*l + 376*l + 16192 = 0. What is the greatest common divisor of l and y?
8
Let c = -1620 + 1711. Suppose -6*p - p = -98. Calculate the highest common divisor of c and p.
7
Suppose 4095 = -19*g + 17965. Suppose 51*w - g - 6002 = 0. What is the highest common factor of w and 88?
44
Let o(q) = q**3 - 4*q**2 - 16*q - 2. Let w(l) = 20 + 11 - 28 - l. Let r be w(-4). Let y be o(r). Calculate the greatest common factor of y and 22.
11
Let s = 395 - 98. Let w be 64/(-224) - -10*(-90)/(-14). Suppose 0 = h - w + 31. Calculate the highest common divisor of s and h.
33
Let z(v) = -v**3 - 11*v**2 + 79*v - 28. Let f be z(4). Let b(n) = n**3 + 2*n**2 - 4*n - 1. Let u be b(3). What is the highest common divisor of f and u?
16
Let p be (-2 - (-28)/8)*(-42 + -2). Let z = 417 + p. What is the highest common divisor of 13 and z?
13
Let w = -47 + 43. Let n be (-1)/(4/(-1676)) + (-12)/w. Suppose 146 - n = -12*a. What is the greatest common factor of 23 and a?
23
Let d be (-3)/27 + (-532220)/(-207) + 2. What is the greatest common divisor of 31 and d?
31
Suppose y = 4*x - 2385 + 2298, -6 = 2*y. Suppose 0*m - 4*m + 48 = 0. Calculate the highest common divisor of m and x.
3
Let r(s) be the first derivative of s**3/3 - 9*s**2 + 80*s + 127. Let j be r(12). Calculate the highest common factor of 148 and j.
4
Let z be (0 - -203)/((-15)/(-30)). Let i(n) = -38*n - 466. Let f be i(-13). What is the highest common factor of f and z?
14
Let o be (76/(-6) - -2)*(-183)/122. Let a be 348/(-7)*(-13 + 6). Let b = a - 188. Calculate the greatest common divisor of o and b.
16
Suppose 0 = -890*n + 885*n + 4*x + 16238, 2*n + 5*x - 6515 = 0. What is the greatest common factor of 50 and n?
50
Let k = 12280 - 7060. What is the greatest common factor of 116 and k?
116
Let n = 46 + -43. Suppose n = -8*m + 83. What is the highest common divisor of m and 110?
10
Suppose -72*k + 73*k - 2*s = 975, -2*s + 4935 = 5*k. Calculate the highest common divisor of 394 and k.
197
Let l(p) = -22*p + 171. Let q be l(8). Let m be 3*(-3)/(4 - q) - -64. Calculate the greatest common divisor of m and 84.
21
Let s = -26888 + 28010. Calculate the greatest common factor of s and 816.
102
Suppose 12*i = 808 + 3068. Calculate the greatest common factor of i and 119.
17
Suppose 5*n + v = -0*n - 30, 4*v = -3*n - 18. Let i = -3 - n. Suppose i*y + y - 7 = q, 3*q + y - 44 = 0. Calculate the highest common factor of q and 39.
13
Suppose 0 = -5*w + 9 + 16. Suppose w*p + 9*t = 4*t + 180, 180 = 5*p + t. Calculate the highest common factor of 54 and p.
18
Let o be (-2 + -2 + 5)/((-2)/(-6)). Suppose o*l = 6*l - 315. Suppose 2*r - 4*a - 186 = -2*a, r = 5*a + l. What is the highest common divisor of r and 10?
10
Suppose 18*g = 6*g - 7*g + 14212. Calculate the highest common divisor of g and 612.
68
Let n(c) be the first derivative of 0*c**2 - 2*c - 22 + 14/3*c**3. Let s be n(-2). What is the highest common factor of 6 and s?
6
Suppose 0 = m - 16*m + 8*m + 336. Suppose 104 = 2*d - 5*i, 4*d - 3*i = i + 220. Let f = m + d. What is the greatest common divisor of 21 and f?
21
Suppose -208*i + 219*i - 88 = 0. Suppose -1406 + 110 = -i*n. What is the greatest common factor of n and 198?
18
Let x(y) = 10*y + 1193. Let a be x(-77). Calculate the greatest common divisor of 9 and a.
9
Let n(d) = 80*d - 156. Let o be n(2). What is the highest common divisor of 37 and o?
1
Let w(i) = 55 - 38*i - 40*i + 80*i. Let g be w(-23). Suppose 0 = 5*a - 46 - g. What is the highest common factor of a and 77?
11
Suppose 0 = 4*j + 3*i - 519, i - 120 - 11 = -j. Calculate the highest common divisor of j and 5481.
63
Let i(h) = 1825*h**2 + 107*h - 340. Let g be i(3). What is the highest common factor of 39 and g?
13
Let x(f) = f**3 + 49*f**2 - 30*f - 1421. Let m be x(-49). Calculate the greatest common factor of m and 49.
49
Let f be (-3)/15*-1 + 1495/25. Let s = 35 - f. Let p = s - -40. Calculate the highest common factor of 120 and p.
15
Suppose -11*k - 10020 + 25871 = 0. Calculate the highest common factor of 253 and k.
11
Suppose 171 + 458 + 201 = 83*r. What is the greatest common factor of 34790 and r?
10
Suppose -19 = -5*r - 9. Let u be r + (-3)/(-6)*(-4)/(-1). Calculate the greatest common factor of u and 4.
4
Let i(u) = -2*u**2 - 24*u + 33. Let y be i(-11). Suppose -y = -q + 10. Calculate the highest common divisor of 520 and q.
65
Let s = 5545 - 5419. Calculate the highest common divisor of s and 630.
126
Let p(h) = -740*h + 3524. Let a be p(-12). What is the highest common divisor of a and 28?
28
Let u = 130 - 76. Suppose y - 6 - u = 0. Suppose 5*r - y = 40. Calculate the greatest common factor of 160 and r.
20
Let b(i) = -6*i**2 + 7*i**2 + 3*i + i**3 - 1 - 3 - 6 + 6*i**2. Let d be b(-6). Calculate the highest common divisor of 56 and d.
8
Let a be (10/(-20))/((-2)/424). Calculate the highest common divisor of 636 and a.
106
Suppose 3*n = -2*p + 3208, -14*n - 4798 = -3*p - 15*n. What is the highest common divisor of 306 and p?
34
Let a(b) = b**2 + 18*b + 88. Let l be a(-22). Calculate the greatest common factor of 132 and l.
44
Let y be 12*((-230)/(-4))/23. What is the greatest common divisor of 1245 and y?
15
Let g be -2 - 5 - 58850/(-50). What is the highest common divisor of 156 and g?
78
Let s(y) = y**3 - 15*y**2 + 15*y - 17. Let x be s(14). Let h be (1 - 0)/(x*5/60). Let b be h/6 - 212/(-3). What is the highest common factor of 105 and b?
35
Suppose 2*x - 17 + 3 = 0. Let u(n) = n**2 - 24*n + 74. Let k be u(-9). What is the greatest common factor of x and k?
7
Suppose 0*i = i - 367. Suppose -9*c + 34 = i. Let f = -32 - c. Calculate the highest common divisor of 25 and f.
5
Suppose 13*c - 22*c = -27. Suppose -145 = -c*r - 4*j, -4*j - 180 = -3*r - j. What is the greatest common divisor of 44 and r?
11
Let q(r) = -r**3 - 13*r**2 + 81*r + 48. Let s be q(-19). What is the greatest common factor of 5625 and s?
225
Let d = 32463 - 13088. What is the highest common divisor of d and 31?
31
Let n = 50 - 41. Suppose l - 3*b - 18 = -l, 4*l = b + 26. Suppose 9*r - 9 = l*r. Calculate the hi